se 7) in base 11?
507a3
Convert 8381002 (base 9) to base 8.
21061546
What is 852688 (base 14) in base 5?
2123021311
374555 (base 9) to base 4
313102031
-a82a6 (base 16) to base 8
-2501246
What is -760866 (base 9) in base 10?
-453417
-13324132433 (base 5) to base 11
-9676140
1010000010001011010010 (base 2) to base 14
4c6826
Convert 1192b3 (base 15) to base 12.
346829
Convert 8881439 (base 10) to base 15.
ba680e
What is -5a92 (base 15) in base 10?
-19262
What is -a20e (base 15) in base 7?
-201515
Convert 21224122 (base 7) to base 15.
259a5d
What is 6025612 (base 7) in base 10?
712714
-892766 (base 11) to base 15
-1d1cc3
Convert 220ec (base 15) to base 12.
52766
12206 (base 15) to base 12
29573
What is 596130 (base 14) in base 15?
40427b
9a68d7 (base 15) to base 6
421451221
Convert 101001110110111000 (base 2) to base 13.
60064
24520113 (base 6) to base 7
6461262
Convert -466289 (base 10) to base 9.
-780558
What is 1360056 (base 7) in base 14?
4a72d
What is -133201032 (base 5) in base 2?
-10100101100101111011
22104321 (base 7) to base 13
5171b8
Convert -1355055141 (base 6) to base 5.
-13242212000
-50992 (base 15) to base 12
-10389b
Convert -31252b (base 13) to base 15.
-17a0e6
Convert -21412461 (base 8) to base 10.
-4592945
What is 2564331 (base 7) in base 9?
560823
Convert -2220111200221 (base 3) to base 4.
-11321100232
What is -646856 (base 9) in base 3?
-201120221220
-32927 (base 13) to base 2
-10110010111101111
What is -1a57d8 (base 15) in base 9?
-2366625
Convert 1022300111 (base 4) to base 14.
7d833
Convert 15202220 (base 7) to base 12.
598b08
What is 1101211212121 (base 3) in base 13?
2010c7
What is -e7ad4 (base 15) in base 13?
-1c960c
What is 1585128 (base 9) in base 3?
1122212010222
What is -322402411 (base 6) in base 14?
-a8dc91
925643 (base 12) to base 7
25316613
Convert 3494887 (base 10) to base 15.
4907c7
Convert -1100013 (base 4) to base 11.
-3941
-610276 (base 8) to base 16
-310be
What is 2132020232 (base 4) in base 11?
402712
What is 2114673 (base 8) in base 2?
10001001100110111011
Convert -831534 (base 9) to base 2.
-1111000011010111000
Convert 12211100011111 (base 3) to base 12.
1054241
What is -1104511 (base 6) in base 8?
-154273
-3044010 (base 6) to base 13
-51606
-467113 (base 8) to base 14
-420b1
What is c566b (base 13) in base 4?
1112220010
What is 100102120000010 (base 3) in base 13?
106575c
-15356564 (base 7) to base 16
-1687d3
Convert de64 (base 15) to base 4.
23200033
1123033032 (base 5) to base 3
11210111202200
14504431 (base 6) to base 5
112201332
Convert 26041044 (base 7) to base 13.
649701
What is 2263537 (base 8) in base 16?
9675f
What is 21655316 (base 7) in base 9?
3474115
31446061 (base 7) to base 4
22023023023
What is 1936b48 (base 14) in base 9?
25467084
Convert -271103 (base 9) to base 5.
-20233323
166144 (base 7) to base 8
101110
106344 (base 13) to base 6
12130330
1553301 (base 6) to base 5
10432043
What is 14233413 (base 5) in base 10?
149233
What is -119c25 (base 14) in base 16?
-934b9
-18506155 (base 9) to base 3
-122120020011212
What is 9b90 (base 15) in base 11?
22867
What is -e01426 (base 15) in base 5?
-10210314221
What is -1100111010100011001011 (base 2) in base 9?
-6330078
2d4023 (base 15) to base 11
1266760
-1011001011111011011 (base 2) to base 15
-73920
Convert 1b1549 (base 12) to base 11.
2a8229
Convert 3001303201 (base 4) to base 13.
21a426
What is 16164 (base 13) in base 10?
41994
Convert -2010002122210 (base 3) to base 7.
-12360405
Convert -243010 (base 11) to base 10.
-384670
-12013320300 (base 4) to base 9
-3015780
Convert 42a69c (base 16) to base 9.
8186724
Convert -3b83b6 (base 12) to base 14.
-1ba5bc
What is -4b366 (base 12) in base 15?
-2055c
What is 344980 (base 10) in base 13?
c103c
Convert 1102201111101 (base 3) to base 9.
1381441
-4241 (base 12) to base 10
-7249
Convert c333c (base 14) to base 6.
14023150
What is -35211 (base 9) in base 4?
-11233030
-a260 (base 16) to base 5
-2312233
23124143 (base 5) to base 14
55b68
241620 (base 11) to base 2
1011101011100011001
Convert -22221011221121 (base 3) to base 8.
-22067712
Convert 112110020122 (base 3) to base 8.
1053511
What is 3642047 (base 8) in base 3?
1212211102002
-47cac (base 14) to base 4
-222310100
What is -10ab23 (base 13) in base 9?
-662036
What is 20547 (base 16) in base 4?
200111013
Convert 42366 (base 9) to base 11.
1a04a
What is 10835 (base 11) in base 3?
210110112
-16172 (base 11) to base 5
-1212302
What is 257507 (base 8) in base 11?
61622
51a1 (base 12) to base 14
3361
What is -201734 (base 8) in base 3?
-10101020212
Convert 1268767 (base 11) to base 8.
10273265
Convert -541143422 (base 6) to base 15.
-c92eeb
Convert 2312321333 (base 4) to base 8.
2667177
-277074 (base 13) to base 9
-1720100
What is -823a3 (base 12) in base 13?
-5c442
34707c3 (base 13) to base 14
220ba04
-8840 (base 14) to base 5
-1223301
What is 1be3d (base 16) in base 12?
56139
-9b2c4 (base 14) to base 16
-5beac
-11111111000001101 (base 2) to base 5
-13134243
What is 23135124 (base 7) in base 13?
55c119
Convert -53576c (base 16) to base 9.
-11244242
Convert -900bc (base 16) to base 14.
-11503a
Convert 579c90 (base 14) to base 13.
8069c3
86550 (base 15) to base 4
1220013102
-301453 (base 6) to base 3
-1012112120
1100042 (base 8) to base 6
10153254
620026 (base 7) to base 5
11340124
What is 4e05d (base 15) in base 11?
160786
Convert -10102202220100 (base 3) to base 16.
-1bdd19
What is -1344109 (base 10) in base 8?
-5101155
What is 11232003 (base 5) in base 15?
203d8
Convert 2120112020202 (base 3) to base 11.
855205
Convert -11120010112 (base 3) to base 5.
-10333022
-1201022221100 (base 3) to base 4
-3132220332
-3c44dd (base 14) to base 8
-7753023
What is -14201248 (base 10) in base 4?
-312023012200
What is 10123212113 (base 4) in base 7?
12605441
What is 4111757 (base 8) in base 7?
12143325
What is -313132130 (base 4) in base 12?
-ab5b8
What is 2655020 (base 10) in base 11?
1553835
16136b (base 14) to base 15
1039ec
What is 1000110000100011 (base 2) in base 3?
1211012201
-100a2 (base 16) to base 4
-100002202
What is -2bd38 (base 15) in base 16?
-22829
Convert -1e0c28 (base 15) to base 8.
-5470617
Convert 1010324040 (base 5) to base 10.
2042395
Convert -4c83d (base 15) to base 12.
-b984a
What is 801472 (base 9) in base 11?
2a3834
Convert 2151173 (base 9) to base 8.
4321034
41233364 (base 7) to base 3
20111110210202
What is 7265706 (base 8) in base 14?
38295c
What is 423c1 (base 14) in base 4?
213002211
Convert -110001101000000100 (base 2) to base 8.
-615004
a203 (base 12) to base 15
5316
-464115 (base 7) to base 10
-83067
What is -2013143 (base 7) in base 2?
-111010010011011000
Convert -abd93e (base 16) to base 13.
-2444286
-1001001212220 (base 3) to base 2
-10000110111000110010
What is -1865321 (base 9) in base 13?
-2a87b8
-988740 (base 11) to base 14
-2d1194
What is 2725bb (base 12) in base 8?
2357737
What is -120350 (base 15) in base 6?
-30243503
3023043300 (base 5) to base 15
7ec285
Convert -2066a4 (base 14) to base 3.
-2001112220111
What is -120330311010 (base 4) in base 3?
-110022022000220
abf6f (base 16) to base 10
704367
Convert -11112202200102 (base 3) to base 12.
-98646b
What is -6263541 (base 9) in base 10?
-3348739
Convert 605443 (base 7) to base 2.
11001000110000000
1117256 (base 11) to base 15
289c33
What is -19687cb (base 14) in base 16?
-c0a04f
-37754 (base 8) to base 10
-16364
Convert -30186 (base 16) to base 5.
-22300443
What is 8a8712 (base 14) in base 11?
2727842
-20331434 (base 5) to base 14
-451ba
What is d406c (base 14) in base 12?
207500
146769 (base 10) to base 12
70b29
What is 13310450 (base 6) in base 16?
6c91e
-132776 (base 9) to base 8
-235672
66a86b (base 12) to base 8
6173123
1001101011111101100101 (base 2) to base 5
1122224430
100011111110000011 (base 2) to base 3
21111002201
Convert 556504 (base 7) to base 3.
11222220111
Convert 11011110100100000111 (base 2) to base 15.
13019d
What is -22460361 (base 8) in base 10?
-4874481
What is -8896b (base 16) in base 13?
-16785c
What is 1024106 (base 7) in base 2?
11110001111100110
What is -111011011100000101 (base 2) in base 8?
-733405
Convert -100320222 (base 4) to base 10.
-69162
-5766 (base 13) to base 12
-7110
766803 (base 11) to base 4
10222313200
2103111 (base 4) to base 7